3
Suppose 0 = 4*j - 0*j - 12. Suppose -4*o = -2*p + 368, -o + 676 = 4*p + j*o. Suppose -2*i = -4*i + p. List the prime factors of i.
3, 29
Let q(k) = 57*k**2 + 1244*k - 40. List the prime factors of q(-29).
11821
Suppose 0 = -3*t - 3*t + 2*t. Suppose t = -4*h + 3*j - 4*j + 64, -j = -5*h + 89. Suppose -h*u + 228 = -15*u. List the prime factors of u.
2, 3, 19
Let y(p) = -p**3 + 7*p**2 - 6*p - 12. Let d be y(6). Let m be ((-30)/(-4))/((-4)/64*d). Suppose -203 = m*k - 533. List the prime factors of k.
3, 11
Suppose 3*j + 5*v - 22 = 0, -3*j + 8*j + 20 = 3*v. List the prime factors of 416/64*(41 + 1*j).
2, 5, 13
Let s be (-47 - -52)*(-2)/((-10)/3). Suppose 3*v + 9510 = s*a, -4013 = -2*a + v + 2329. Suppose -a = -9*l - 913. List the prime factors of l.
251
Let s = -662 + 522. What are the prime factors of (-42)/(-70) - (-7)/(s/(-1368))?
3, 23
Suppose 0 = -3*n + 2*n + 4, 186775 = 5*j + 5*n. List the prime factors of j.
41, 911
Let n(d) = -7*d**2 - 260*d - 6. Let w be n(-37). Suppose -27658 - 9945 = -w*i. List the prime factors of i.
1213
Let s = 1531 - -1803. Suppose 5*o - 4*q - 2553 = 1614, 0 = -4*o + 3*q + s. What are the prime factors of o?
5, 167
Let x(p) = 3*p + 6 - 2 + 3 + 5 + p**3 - 6*p**2. Let j be x(5). Suppose j*z = 5*t - 251, -3*z + 79 = 5*t - 157. List the prime factors of t.
7
Let a(u) = -7*u**2 - 31*u - 68. Let w(i) = 4*i**2 + 32*i + 70. Let t(p) = -3*a(p) - 4*w(p). List the prime factors of t(-7).
2, 3, 23
Let u = 124169 - 53397. What are the prime factors of u?
2, 13, 1361
Suppose 91*h - 8*h - 57021 = 0. What are the prime factors of h?
3, 229
Let d = -611 - -11021. What are the prime factors of d?
2, 3, 5, 347
Let r = -127 - -135. Suppose -r*k + 5171 = -2773. What are the prime factors of k?
3, 331
Suppose -8*f + 4*f + 40 = 4*h, h + 3*f - 18 = 0. Let c(l) = 2*l**3 - 8*l**2 - 10*l + 18. List the prime factors of c(h).
2, 3, 17
Suppose 3*y + 3*y = 12. Let p be (y + -7)/((-9)/(-3) - 2). List the prime factors of (-1)/(p/(-3) - 2) - -113.
2, 29
Let t = -793 - -2159. Let g = 1928 - t. List the prime factors of g.
2, 281
Suppose 0*h + 5*h - 1750 = 0. Suppose 0 = 5*y - h - 110. Let d = y - 39. What are the prime factors of d?
53
Let s = -118 + 4353. What are the prime factors of s?
5, 7, 11
Let z(y) = 103*y**2 - 6*y + 5. Let r(p) = p - 1. Suppose u = 2*j + 12, -2*u + j + 11 = u. Let x(n) = u*r(n) + z(n). List the prime factors of x(1).
2, 3, 17
Let q(y) = -130*y**2 - 8*y + y - 8 - 3*y + 139*y**2. What are the prime factors of q(-4)?
2, 11
Let m be 590/126 + 20/210 - 4/(-18). Let o be (-4)/(-6)*(7 + -1). Suppose -m*b = -3*y + 2*y + 24, 5*y - 265 = -o*b. List the prime factors of y.
7
Let v(n) = 931*n**2 + 10*n + 31. What are the prime factors of v(-6)?
33487
Let k = -718 - -1012. Let t be (49 - 0)/((-10)/(-20)) - 1. Suppose i - p = 42 + t, -2*p = 2*i - k. What are the prime factors of i?
11, 13
Suppose -69 - 47 = -c. Let j(g) = g**3 - 10*g**2 + 18*g - 17. Let m be j(5). Let d = m + c. List the prime factors of d.
2
Let y(z) be the first derivative of -z**2/2 + 11*z + 14. Let m be y(7). Suppose -a + 23 = m*o, 2 + 11 = -a + 5*o. List the prime factors of a.
7
Suppose -2740779 = -181*h + 2180792. What are the prime factors of h?
27191
Let b = 0 + -2048. Let x = -1021 - b. List the prime factors of x.
13, 79
Let h be (-30)/24 + 3/((-12)/(-7093)). Suppose h = 10*t - 878. List the prime factors of t.
5, 53
Suppose 0 = 13*a + 52669 - 78370. List the prime factors of a.
3, 659
Suppose -5*t + 49612 + 17341 = 2*b, 0 = -4*b + 5*t + 133981. What are the prime factors of b?
3, 61
Let s be ((-66)/77)/((-1)/(-7)). Let y(n) = 2*n + 17. Let h be y(s). Let t(l) = l**3 - 2*l**2 + l + 7. List the prime factors of t(h).
3, 29
Let d be 2/9 + 435/(-135) + 4. Suppose y + 3 = 2*c, 4*c - 5*y - d = c. Suppose -c*b - 3*l = -177, 2*b = -b - 3*l + 267. List the prime factors of b.
2, 3, 5
Let x be (-5 + 5)/5 + 63. Suppose -x*a + 72*a = 6930. What are the prime factors of a?
2, 5, 7, 11
Let l = -883 - -2669. List the prime factors of l.
2, 19, 47
Let b(x) = -3*x**2 - 524*x + 1732. List the prime factors of b(-150).
2, 401
Let i = 27506 + -17879. What are the prime factors of i?
3, 3209
Suppose -5*c + 4*c - 3 = 0, 1 = 5*f - 2*c. What are the prime factors of -45*(f + 84/(-35))?
3, 17
Let m(b) = -b**3 + 6*b**2 + 6*b - 3. Let f(i) = 2*i**3 + 12*i**2 - 12*i + 10. Let q be f(-7). List the prime factors of m(q).
7, 19
Let m = 231 + -186. Let a(n) = 22*n + 1. Let u be a(5). Let r = u - m. List the prime factors of r.
2, 3, 11
Suppose 70*l - 267 + 57 = 0. Let q be 548/(-10)*(-9 - -4). Suppose h = -i - 2*i + q, 4*i + l*h = 367. List the prime factors of i.
7, 13
Suppose 143*i = 5156869 + 1131556. What are the prime factors of i?
5, 1759
Suppose -c + 6 + 3 = 2*l, 5*l = -2*c + 21. Suppose 5*t - 2762 = -3*w, -4*w - 3*t + 922 = -c*w. List the prime factors of w.
919
Suppose 0 = 26*z + 140 - 897 - 1687. Let v(g) = g**3 + 2*g**2 - g - 3. Let h be v(4). Let p = z - h. List the prime factors of p.
5
Suppose 5*m - 12*m = 4501. Let h = -243 - m. List the prime factors of h.
2, 5
Let g = 9568 - 3599. Suppose 3*b - 9 = -12, 5*h - g = 4*b. What are the prime factors of h?
1193
Suppose -27*n + 7576 = -19*n. Suppose 802 = 11*l - n. List the prime factors of l.
3, 53
Let x(j) = -65*j - 762. List the prime factors of x(-29).
1123
Suppose -h + 5*h - 20 = 0, -3*p = 2*h - 301. Suppose 6804 = 103*k - p*k. What are the prime factors of k?
2, 3, 7
Let d(v) = 4*v**3 - 5*v**2 + 17*v - 47. List the prime factors of d(7).
11, 109
Let p be ((-1)/(3 + -1))/((-3)/16554). Suppose -5*d + p = -s, -2211 = 29*d - 33*d - 3*s. What are the prime factors of d?
2, 3, 23
Let w = 5885 + -2643. Suppose -22202 = -12*v - w. List the prime factors of v.
2, 5, 79
Let m(j) = j**2 + 3*j + 31. Let n be m(0). Let l = 220 + n. List the prime factors of l.
251
Let l = 51661 + -36629. What are the prime factors of l?
2, 1879
Let a = 2283 + 10540. What are the prime factors of a?
12823
Let j(c) = 35*c**3 - c**2 + 24*c - 77. What are the prime factors of j(7)?
7, 1721
Let j = -34 + 41. Suppose -l + 8 = j. List the prime factors of 114 - (l - (0 - 0)).
113
Let h = -2287 - -2524. List the prime factors of h.
3, 79
Let j(n) = -248*n + 1239. What are the prime factors of j(-7)?
5, 7, 17
Suppose 5 = 5*n - 0, 4*w + 2*n = 47958. What are the prime factors of w?
19, 631
Let a(d) = 175*d - 67. Let k be a(6). Let s = k - -152. List the prime factors of s.
5, 227
Let l be (1 + (-374)/(-2) - 1) + -2. Let p = l + -119. Suppose -s + 172 = p. List the prime factors of s.
2, 53
Let u = 30251 + -12716. What are the prime factors of u?
3, 5, 7, 167
Suppose p + 4*d = 55, -2*d = 2*p + d - 85. Let u = 43 - p. Let x = u + -1. What are the prime factors of x?
7
Suppose -157967 = 190*d - 767374 - 1565903. List the prime factors of d.
107
Suppose 0 = 21*r - 297648 + 42124 - 33268. What are the prime factors of r?
2, 3, 191
Let y(i) = 2*i**2 + 2*i - 2. Let u be y(-3). Suppose 6*x = 2*x + 2*t + u, -t - 5 = 3*x. Suppose x = -2*r - 2*r + 64. What are the prime factors of r?
2
Let l = 155 - 612. Let u = l - -820. What are the prime factors of u?
3, 11
Suppose 0 = -2*y - 4, 22*u - 9*y = -14*y + 221266. What are the prime factors of u?
2, 47, 107
Suppose 0 = 2*o - 4*o + 3*y + 185, -5*o - y = -420. Suppose -5750 = 75*d - o*d. What are the prime factors of d?
5, 23
Let w(u) = 1175*u - 380. What are the prime factors of w(12)?
2, 5, 7
Let f(t) = 5403*t + 470. What are the prime factors of f(5)?
5, 23, 239
Suppose 87*y = 104*y - 43724. Suppose -y = -8*k - 124. What are the prime factors of k?
2, 3, 17
Let o = 62537 + -44404. What are the prime factors of o?
18133
Let a be 18/(-9)*((-34)/(-4) + -1). Suppose 25*l - 29*l - 180 = 0. Let j = a - l. List the prime factors of j.
2, 3, 5
Suppose -675562 = -26*r + 453027 + 296445. List the prime factors of r.
23, 2383
Suppose 5*g + 976 - 182 = 2*x, -5*x + 2016 = 3*g. Let r = x - 69. Let p = r + -140. List the prime factors of p.
193
Let f(m) = 57*m**2 - 29*m**2 + 2 - 27*m**2 - 10*m. Let s be f(8). Let a = 24 - s. What are the prime factors of a?
2, 19
Let y(t) = 6*t**2 - 3*t + 9. Suppose -1 = -9*z + 179. Suppose -16 = -6*s + z. What are the prime factors of y(s)?
3, 23
Let f = 3425 - 1565. Suppose -10*m + f = -4*m. List the 